1
Let j(v) be the third derivative of -9*v**6/40 + v**5/60 - 11*v**4/24 - 7*v**3/6 + 7*v**2 + 4*v. What are the prime factors of j(-4)?
13, 137
Let l(s) = 44*s**2 + 20*s + 73. Let u(t) = -4*t**3 + 8*t - 7. Let q be u(1). What are the prime factors of l(q)?
409
Let z(t) = -6*t**3 + t**2 - 9*t + 12. Let l be z(5). Let q = -515 - l. What are the prime factors of q?
3
Suppose 580*f - 578*f - 3*d - 18414 = 0, -2*f + 2*d + 18410 = 0. List the prime factors of f.
3, 3067
What are the prime factors of 288/2400 + 2265610/125?
5, 29
Let z(p) = 4*p**2 - 157*p - 3319. List the prime factors of z(-27).
2, 7, 137
Let n(w) = w**2 + 106*w - 1922. What are the prime factors of n(123)?
5, 29, 181
Let q(u) = -u**3 + 19*u**2 + 2*u - 36. Let i be q(19). Suppose -f + 0*v + 2*v = -439, i*v - 1746 = -4*f. What are the prime factors of f?
19, 23
Suppose -r = -8*m + 7*m + 2936, 2*m - 5*r = 5869. What are the prime factors of m?
3, 11, 89
Let b = 6520 - -11902. List the prime factors of b.
2, 61, 151
Suppose 4*q - 8 + 0 = 0. Suppose 0*u - q*y + 16 = u, -3*u = 3*y - 36. Suppose 0 = u*z - 157 - 139. What are the prime factors of z?
37
What are the prime factors of (-200970)/(-16) + 3 - 7 - 9/(-24)?
29, 433
List the prime factors of (2 + -8 + 5)*5 + 11779.
2, 7, 29
Suppose -4*g + 3*g + 3 = 0. Suppose 2*i = 2*z + 26, z - 6*z - 1 = g*i. Suppose i*s + 2*s = 450. What are the prime factors of s?
3, 5
Let c(w) = 38*w + 1017. List the prime factors of c(29).
13, 163
Let r = -651 + 167. Let q = 1069 + r. List the prime factors of q.
3, 5, 13
Suppose -178*h - 563735 = -209*h. What are the prime factors of h?
5, 3637
Let c = -72 - -83. Let y be 3/2*(-23 + c). Let j(l) = -l**3 - 20*l**2 - 43*l - 4. List the prime factors of j(y).
2, 61
Suppose -91*n + 344850 = -16*n. List the prime factors of n.
2, 11, 19
Suppose 0 = 5*h - 2*b - 26, -5*h + 2*h + b = -16. Suppose -h*t + 7 = -17. Suppose 0 = -t*i - 3*n + 196, -i + 5*i - 3*n - 220 = 0. List the prime factors of i.
2, 13
Suppose d + 10*d = 0. Suppose -4*h - r + 1496 = 3*r, d = r + 1. List the prime factors of h.
3, 5
List the prime factors of -4306*2/(-8) - (-68)/(-136).
2, 269
Let f = -87 - -86. Let x be 30/(-4)*((-1292)/(-6))/f. What are the prime factors of (-1)/(-2) + (x/2)/5?
2, 3
Let m(j) = 8*j - 18. Let l be m(-6). Let f = l + 36. What are the prime factors of 79 - (f/5)/3?
3
Suppose h + 3*o - 11 = -0, 4*h - 3*o - 29 = 0. Suppose 0 = -h*f + 13*f - 215. What are the prime factors of f?
43
Suppose 3*z = r + 10056, r = 2*z - 2*r - 6711. What are the prime factors of z?
3, 1117
Let n = 21231 - 18531. What are the prime factors of n?
2, 3, 5
Let d(b) = b**3 - 26*b**2 - 92*b + 1677. List the prime factors of d(50).
57077
Suppose 5*h + q - 74067 = 0, -4*h - q + 26500 = -32753. What are the prime factors of h?
2, 3, 823
What are the prime factors of 103548/8*(276/(-690))/(6/(-50))?
5, 8629
Let u be (-1)/(-3) - 60/(-36). Suppose u*t = -3*t - 10. What are the prime factors of (-9 - t/1)*(-5 - 4)?
3, 7
Suppose -80*h - 33543 + 1054903 = 0. List the prime factors of h.
17, 751
Suppose -166 = -4*n + 655 - 97. What are the prime factors of n?
181
Suppose 5*m + 16 = 3*b - 19, 0 = -5*b + 3*m + 69. Let g(k) = 35*k - 1048. Let x be g(30). Suppose o - 129 = 4*r, -b = x*r + r. What are the prime factors of o?
109
What are the prime factors of (39934/2435)/((-4)/(-16970))?
41, 1697
Suppose 4613 + 6074 = 3*h - 2*t, 0 = 5*h + 3*t - 17780. What are the prime factors of h?
3559
Let l(j) = -j**2 + 31*j + 109. Let r be l(33). Suppose 7*s + v = 6*s + r, -2*v = 3*s - 132. List the prime factors of s.
2, 23
Suppose f - 8 + 7 = 0. Let j be 12*(28/12 + f). Suppose -o - j = -6*o. List the prime factors of o.
2
Suppose 0 = -2*f - 5*h + 2612, f - 534 = 4*h + 811. List the prime factors of f.
1321
Let g be 1142/(-2) + -2 - 1. Let u = -356 - -344. What are the prime factors of 8/48 + g/u?
2, 3
Suppose -3*b + 3*x = -12, -b = -0*b + 3*x + 12. Let r(s) = 54*s**2 - s. Let z be r(-1). Suppose b = -n, -3*n + z = 2*v - 9. What are the prime factors of v?
2
Suppose 2*y - i - 29 = 0, y = -4*y + 3*i + 75. Suppose 4*p - 20 = 0, 4*a - 10*p = -y*p + 1626. List the prime factors of a.
2, 101
Suppose 31 = 4*n + t - 7, -5*t - 17 = -3*n. Let y(l) = -4 + 33*l**2 - 34*l**2 - 15*l + 4 - n. List the prime factors of y(-10).
41
Let o(f) = 4*f**2 - 90*f + 162. What are the prime factors of o(40)?
2, 1481
Let w(t) = -143*t + 16. Let b be 2/(-10) - 72/15 - -4. What are the prime factors of w(b)?
3, 53
Let m be (-22)/18 + 20/90. What are the prime factors of ((-18)/12)/(3*m/1036)?
2, 7, 37
Let l(c) = 464*c + 7990. List the prime factors of l(69).
2, 83, 241
Let o = -818 + 1556. Suppose -5*v + o + 7 = 0. Let s = v - 69. List the prime factors of s.
2, 5
Let k be -2 - ((-9)/18)/(2/260). Suppose -74 + 11 = -3*q. Let m = k - q. What are the prime factors of m?
2, 3, 7
Let r = 667 - 604. What are the prime factors of 2/9 + 37534/r?
2, 149
Suppose 54*x + 24416 = 62*x. List the prime factors of x.
2, 7, 109
Suppose j - n = -60, 2*n = -j - 22 - 44. Let t = 67 + j. Suppose -3*q + t = -52. List the prime factors of q.
19
Let z(b) = -94*b + 122. Let l be z(9). Let c = l + 1536. List the prime factors of c.
2, 7, 29
Let r = 59 + -56. Let l be 0/(-1*(-2 + r)). Suppose 3*d - 1 = -2*x, -3*d = -x - l + 5. List the prime factors of x.
2
Suppose -1633 = -9*y - 2308. Suppose 2*j = -3*d + 866, d - 2*j = -0*d + 278. Let x = d + y. What are the prime factors of x?
211
Suppose -720*t + 97959 = 5*i - 723*t, -4*i = -5*t - 78349. List the prime factors of i.
2, 3, 23, 71
Let j = 49 - 15. Let s = -26 + j. Suppose 0 = s*o - 4*o - 160. What are the prime factors of o?
2, 5
Let v(j) = -26*j**3 + 8*j**2 + j - 11. Let n be v(-3). Let s = 1446 - n. List the prime factors of s.
2, 7
Suppose 21*p = 15*p + 120. Let r = -8 + p. What are the prime factors of (-28)/r*(-2 - 34)?
2, 3, 7
Let l(f) = -f**3 - f**2 + 4*f + 4. Let p be l(-2). Suppose -g - d - 5 = -p*d, d = -2*g - 6. List the prime factors of 59 + (0/(-1) - g).
2, 3, 5
Suppose -2*t + 82 = d - 1497, 0 = 3*t + d - 2369. List the prime factors of t.
2, 5, 79
Suppose 3*g - s = g + 1, 5*g - 7 = s. Suppose 767 = g*x + d, -4*d + 0*d - 20 = 0. What are the prime factors of x?
2, 193
Let b(w) = -208*w - 1535. List the prime factors of b(-8).
3, 43
Suppose -1702108 = -2*y - 10*y - 22*y. List the prime factors of y.
2, 25031
Suppose 2*j = -3*r + 11, 4*j - 12 = -5*r + 3. Let a(l) = -8*l + 3*l**2 - l - r*l**2 + 5*l**2. What are the prime factors of a(12)?
2, 3
Suppose 13*g = 5*g + 3032. Let q = 762 - g. What are the prime factors of q?
383
Suppose r + 2 = 0, 0 = 4*f + 4*r + 1987 - 831. Let h = f + 1324. List the prime factors of h.
17, 61
Suppose 0*z + 88 = 5*x + 3*z, 2*x + z = 36. Let q be (-177)/(((-48)/x)/4). Let i = q - 198. What are the prime factors of i?
97
What are the prime factors of (-5)/5*(39 + -23515 + 10/2)?
7, 479
Let g be (-48190)/55 + (-14)/(-77). Let r = g + 1237. What are the prime factors of r?
19
Let z(a) = -5*a**2 - 11*a - 13. Let o(p) = -p**2 - p + 1. Let u(q) = 4*o(q) - z(q). Let y be u(-6). Suppose -28 + 105 = y*x. List the prime factors of x.
7
Suppose 0 = -113*y + 84125 + 42661. List the prime factors of y.
2, 3, 11, 17
Suppose 7*x - 4*x = 6. Let g be -2*x/(-1)*(-28)/8. Let w(s) = -4*s + 20. What are the prime factors of w(g)?
2, 19
Let y(o) = -o**3 + 11*o**2 + 17*o + 18. Let p = -236 - -247. What are the prime factors of y(p)?
5, 41
Let a(s) = 24*s**2 - 28*s + 51. List the prime factors of a(15).
3, 13, 43
Let q(r) = 303*r**3 - 9*r + 8. Let f = 249 - 248. List the prime factors of q(f).
2, 151
Let r(y) be the first derivative of 135*y**2 - 117*y + 121. What are the prime factors of r(4)?
3, 107
What are the prime factors of -4 + 83400 - (5 + -18)?
3, 27803
Suppose k - 25 = -4*k. Suppose -k*x + 1257 = -683. Suppose 5*i - s - 264 = 0, 5*i + 5*s + 148 = x. List the prime factors of i.
2, 13
Let q(a) = 1068*a - 2546. What are the prime factors of q(9)?
2, 3533
Let z = 10862 - -562. List the prime factors of z.
2, 3, 7, 17
Suppose 30 = -2*g + 416. Let l = 807 - g. What are the prime factors of l?
2, 307
Let k(i) = i**3 - 13*i**2 + 9*i + 11. Let g(b) = -b + 24. Let r(d) = 12*d**3 - d**2 + d - 1. Let a be r(1). Let t be g(a). List the prime factors of k(t).
2